inder when 22017 is divided by 121?
116
What is the remainder when 49542 is divided by 44?
42
Calculate the remainder when 8499 is divided by 2833.
0
Calculate the remainder when 589 is divided by 485.
104
Calculate the remainder when 969 is divided by 889.
80
Calculate the remainder when 89501 is divided by 313.
296
What is the remainder when 98733 is divided by 9873?
3
Calculate the remainder when 1713 is divided by 114.
3
Calculate the remainder when 3264 is divided by 61.
31
Calculate the remainder when 1182 is divided by 574.
34
What is the remainder when 7681 is divided by 42?
37
What is the remainder when 9603 is divided by 247?
217
What is the remainder when 34557 is divided by 749?
103
What is the remainder when 13635 is divided by 22?
17
Calculate the remainder when 11602 is divided by 3867.
1
What is the remainder when 30391 is divided by 15190?
11
What is the remainder when 3727722 is divided by 143?
141
Calculate the remainder when 46238 is divided by 942.
80
Calculate the remainder when 24193 is divided by 3024.
1
Calculate the remainder when 3810 is divided by 107.
65
What is the remainder when 3843614 is divided by 7?
5
Calculate the remainder when 109161 is divided by 36.
9
What is the remainder when 641908 is divided by 66?
58
What is the remainder when 113157 is divided by 276?
273
Calculate the remainder when 122056 is divided by 47.
44
What is the remainder when 24335 is divided by 4?
3
What is the remainder when 6587 is divided by 348?
323
What is the remainder when 21546 is divided by 6851?
993
What is the remainder when 68417 is divided by 44?
41
Calculate the remainder when 15549 is divided by 53.
20
Calculate the remainder when 88479 is divided by 790.
789
What is the remainder when 355 is divided by 53?
37
What is the remainder when 95550 is divided by 31828?
66
Calculate the remainder when 19239 is divided by 4785.
99
What is the remainder when 9832 is divided by 9461?
371
What is the remainder when 242052 is divided by 430?
392
What is the remainder when 12759 is divided by 1065?
1044
Calculate the remainder when 59277 is divided by 390.
387
What is the remainder when 23487 is divided by 7816?
39
Calculate the remainder when 11966 is divided by 34.
32
What is the remainder when 5294 is divided by 254?
214
Calculate the remainder when 14648 is divided by 49.
46
What is the remainder when 5061 is divided by 1676?
33
What is the remainder when 7450 is divided by 3484?
482
What is the remainder when 10345 is divided by 25?
20
What is the remainder when 50894 is divided by 45?
44
Calculate the remainder when 16303 is divided by 4051.
99
What is the remainder when 2136 is divided by 113?
102
Calculate the remainder when 224767 is divided by 56191.
3
Calculate the remainder when 38736 is divided by 3519.
27
Calculate the remainder when 7283 is divided by 112.
3
Calculate the remainder when 97375 is divided by 136.
135
What is the remainder when 4960 is divided by 1236?
16
What is the remainder when 9635 is divided by 48?
35
What is the remainder when 127037 is divided by 4886?
1
What is the remainder when 2592397 is divided by 69?
67
What is the remainder when 121663 is divided by 254?
251
Calculate the remainder when 5745 is divided by 68.
33
What is the remainder when 9352 is divided by 927?
82
What is the remainder when 42900 is divided by 32?
20
Calculate the remainder when 6531 is divided by 95.
71
Calculate the remainder when 21313 is divided by 3.
1
Calculate the remainder when 2264 is divided by 34.
20
What is the remainder when 7447 is divided by 53?
27
Calculate the remainder when 297647 is divided by 2611.
2604
Calculate the remainder when 104134 is divided by 57.
52
What is the remainder when 4464 is divided by 24?
0
Calculate the remainder when 845101 is divided by 49.
47
What is the remainder when 53792 is divided by 13442?
24
Calculate the remainder when 142882 is divided by 85.
82
What is the remainder when 28926 is divided by 15?
6
Calculate the remainder when 63515 is divided by 12701.
10
What is the remainder when 107002 is divided by 31?
21
What is the remainder when 18313 is divided by 441?
232
Calculate the remainder when 1144 is divided by 33.
22
What is the remainder when 7228 is divided by 98?
74
What is the remainder when 1805 is divided by 103?
54
Calculate the remainder when 7672 is divided by 24.
16
What is the remainder when 1680731 is divided by 15?
11
What is the remainder when 47725 is divided by 5294?
79
What is the remainder when 9505 is divided by 4747?
11
Calculate the remainder when 1771 is divided by 1434.
337
Calculate the remainder when 732 is divided by 6.
0
What is the remainder when 2692 is divided by 965?
762
Calculate the remainder when 133448 is divided by 133447.
1
Calculate the remainder when 3451948 is divided by 784.
780
What is the remainder when 26012 is divided by 325?
12
What is the remainder when 50559 is divided by 16841?
36
What is the remainder when 1912 is divided by 459?
76
Calculate the remainder when 631035 is divided by 493.
488
Calculate the remainder when 8521 is divided by 97.
82
Calculate the remainder when 19108 is divided by 4775.
8
Calculate the remainder when 7793 is divided by 3.
2
Calculate the remainder when 14431 is divided by 27.
13
Calculate the remainder when 19078 is divided by 152.
78
What is the remainder when 2638187 is divided by 14?
13
Calculate the remainder when 23764 is divided by 60.
4
Calculate the remainder when 1243 is divided by 107.
66
Calculate the remainder when 1137596 is divided by 177.
17
What is the remainder when 8576 is divided by 44?
40
Calculate the remainder when 3933 is divided by 135.
18
Calculate the remainder when 1632 is divided by 31.
20
Calculate the remainder when 8894 is divided by 63.
11
Calculate the remainder when 34473 is divided by 11491.
0
Calculate the remainder when 14083 is divided by 938.
13
Calculate the remainder when 31919 is divided by 15.
14
Calculate the remainder when 18441 is divided by 184.
41
Calculate the remainder when 11845 is divided by 20.
5
What is the remainder when 812261 is divided by 1083?
11
Calculate the remainder when 9230 is divided by 9211.
19
Calculate the remainder when 3156 is divided by 337.
123
Calculate the remainder when 2039 is divided by 265.
184
Calculate the remainder when 40111 is divided by 36.
7
Calculate the remainder when 18230 is divided by 6076.
2
Calculate the remainder when 223776 is divided by 1963.
1957
What is the remainder when 5714 is divided by 48?
2
Calculate the remainder when 35385 is divided by 560.
105
What is the remainder when 10066 is divided by 720?
706
What is the remainder when 1583 is divided by 61?
58
Calculate the remainder when 2327712 is divided by 585.
582
What is the remainder when 60190 is divided by 453?
394
What is the remainder when 6278 is divided by 6234?
44
Calculate the remainder when 753616 is divided by 50.
16
Calculate the remainder when 47106 is divided by 9404.
86
Calculate the remainder when 27250 is divided by 5.
0
What is the remainder when 857375 is divided by 144?
143
What is the remainder when 17858 is divided by 38?
36
What is the remainder when 349482 is divided by 47?
37
Calculate the remainder when 561 is divided by 541.
20
Calculate the remainder when 65831 is divided by 52.
51
What is the remainder when 320541 is divided by 18?
15
What is the remainder when 28375 is divided by 40?
15
Calculate the remainder when 172486 is divided by 3.
1
What is the remainder when 27544 is divided by 27401?
143
Calculate the remainder when 3796 is divided by 21.
16
Calculate the remainder when 580236 is divided by 80.
76
Calculate the remainder when 1386 is divided by 79.
43
What is the remainder when 1990 is divided by 658?
16
What is the remainder when 4380 is divided by 728?
12
What is the remainder when 97 is divided by 86?
11
Calculate the remainder when 6504 is divided by 2165.
9
Calculate the remainder when 32787 is divided by 36.
27
Calculate the remainder when 3824 is divided by 64.
48
What is the remainder when 15318 is divided by 146?
134
Calculate the remainder when 9018 is divided by 24.
18
Calculate the remainder when 25546 is divided by 94.
72
What is the remainder when 22986 is divided by 5602?
578
What 